 thousands digit of 110507?
0
What is the ten thousands digit of 337052?
3
What is the units digit of 1300596?
6
What is the thousands digit of 1093646?
3
What is the thousands digit of 243481?
3
What is the hundreds digit of 81628?
6
What is the hundreds digit of 5132793?
7
What is the hundred thousands digit of 192119?
1
What is the tens digit of 549977?
7
What is the units digit of 3516719?
9
What is the ten thousands digit of 6912128?
1
What is the units digit of 13169460?
0
What is the millions digit of 3018171?
3
What is the hundreds digit of 4933273?
2
What is the hundreds digit of 1945872?
8
What is the ten thousands digit of 208529?
0
What is the hundred thousands digit of 2534601?
5
What is the tens digit of 1432072?
7
What is the units digit of 612336?
6
What is the hundred thousands digit of 689523?
6
What is the thousands digit of 3196552?
6
What is the tens digit of 742403?
0
What is the tens digit of 1163603?
0
What is the hundreds digit of 16079231?
2
What is the hundred thousands digit of 524864?
5
What is the hundred thousands digit of 3127313?
1
What is the ten thousands digit of 1234318?
3
What is the millions digit of 7845058?
7
What is the millions digit of 7370489?
7
What is the units digit of 3918250?
0
What is the hundreds digit of 6225102?
1
What is the hundreds digit of 167366?
3
What is the ten thousands digit of 21953?
2
What is the thousands digit of 147155?
7
What is the millions digit of 2197619?
2
What is the ten thousands digit of 5484742?
8
What is the hundred thousands digit of 6798305?
7
What is the ten thousands digit of 917244?
1
What is the tens digit of 347312?
1
What is the ten thousands digit of 382829?
8
What is the thousands digit of 899704?
9
What is the units digit of 323237?
7
What is the ten thousands digit of 1112881?
1
What is the thousands digit of 3704650?
4
What is the hundred thousands digit of 312974?
3
What is the thousands digit of 658103?
8
What is the units digit of 5344599?
9
What is the units digit of 22708258?
8
What is the ten thousands digit of 3956864?
5
What is the ten millions digit of 28830788?
2
What is the units digit of 695048?
8
What is the hundreds digit of 219794?
7
What is the thousands digit of 56384?
6
What is the ten thousands digit of 3040241?
4
What is the hundreds digit of 113800?
8
What is the tens digit of 907607?
0
What is the ten thousands digit of 8252385?
5
What is the units digit of 1177596?
6
What is the tens digit of 758335?
3
What is the ten thousands digit of 158841?
5
What is the hundred thousands digit of 950268?
9
What is the millions digit of 4718985?
4
What is the units digit of 418556?
6
What is the ten millions digit of 11198369?
1
What is the thousands digit of 29384625?
4
What is the units digit of 315581?
1
What is the units digit of 1092366?
6
What is the hundred thousands digit of 889763?
8
What is the thousands digit of 218551?
8
What is the hundred thousands digit of 328913?
3
What is the thousands digit of 39469?
9
What is the hundreds digit of 188701?
7
What is the hundred thousands digit of 172844?
1
What is the thousands digit of 846455?
6
What is the hundreds digit of 455588?
5
What is the thousands digit of 273649?
3
What is the hundreds digit of 345622?
6
What is the thousands digit of 378521?
8
What is the units digit of 66811?
1
What is the tens digit of 338811?
1
What is the thousands digit of 7358405?
8
What is the hundreds digit of 138490?
4
What is the ten millions digit of 26289512?
2
What is the ten thousands digit of 2835661?
3
What is the hundreds digit of 2467540?
5
What is the thousands digit of 1544824?
4
What is the ten thousands digit of 51782?
5
What is the thousands digit of 1427493?
7
What is the hundred thousands digit of 6096324?
0
What is the thousands digit of 13290165?
0
What is the units digit of 355222?
2
What is the hundred thousands digit of 1577520?
5
What is the ten thousands digit of 938222?
3
What is the ten thousands digit of 3176967?
7
What is the hundreds digit of 5049?
0
What is the tens digit of 2068959?
5
What is the hundreds digit of 19718?
7
What is the hundred thousands digit of 1816388?
8
What is the hundred thousands digit of 182913?
1
What is the ten thousands digit of 158266?
5
What is the millions digit of 26862952?
6
What is the ten thousands digit of 439318?
3
What is the ten thousands digit of 976245?
7
What is the ten thousands digit of 115744?
1
What is the hundreds digit of 4388278?
2
What is the units digit of 7311836?
6
What is the thousands digit of 478547?
8
What is the thousands digit of 11676434?
6
What is the thousands digit of 2819052?
9
What is the units digit of 7370972?
2
What is the thousands digit of 3346886?
6
What is the millions digit of 8723732?
8
What is the units digit of 346562?
2
What is the ten thousands digit of 34176775?
7
What is the hundred thousands digit of 7351976?
3
What is the thousands digit of 30112?
0
What is the hundred thousands digit of 454844?
4
What is the tens digit of 978700?
0
What is the hundred thousands digit of 379365?
3
What is the thousands digit of 205628?
5
What is the units digit of 818958?
8
What is the ten thousands digit of 5356541?
5
What is the hundreds digit of 620355?
3
What is the thousands digit of 340032?
0
What is the units digit of 902462?
2
What is the tens digit of 391477?
7
What is the millions digit of 19777063?
9
What is the tens digit of 366624?
2
What is the millions digit of 3648241?
3
What is the ten thousands digit of 1959979?
5
What is the ten thousands digit of 618271?
1
What is the hundreds digit of 1973722?
7
What is the hundreds digit of 1198405?
4
What is the hundred thousands digit of 561593?
5
What is the hundreds digit of 945232?
2
What is the hundreds digit of 1049266?
2
What is the millions digit of 14757897?
4
What is the tens digit of 65021?
2
What is the thousands digit of 966245?
6
What is the hundreds digit of 22346636?
6
What is the hundred thousands digit of 258382?
2
What is the hundreds digit of 4084226?
2
What is the hundred thousands digit of 6024427?
0
What is the hundreds digit of 9805151?
1
What is the hundreds digit of 794183?
1
What is the units digit of 12009702?
2
What is the hundred thousands digit of 2841917?
8
What is the units digit of 18148338?
8
What is the thousands digit of 577317?
7
What is the hundreds digit of 200710?
7
What is the hundreds digit of 58925?
9
What is the units digit of 614439?
9
What is the hundreds digit of 181583?
5
What is the thousands digit of 21097388?
7
What is the units digit of 6689242?
2
What is the hundred thousands digit of 2029425?
0
What is the hundred thousands digit of 3603039?
6
What is the units digit of 867958?
8
What is the units digit of 8260?
0
What is the hundred thousands digit of 1603255?
6
What is the units digit of 32129?
9
What is the tens digit of 304962?
6
What is the thousands digit of 418886?
8
What is the hundreds digit of 2731656?
6
What is the ten thousands digit of 1853984?
5
What is the units digit of 1484937?
7
What is the tens digit of 608146?
4
What is the tens digit of 62221?
2
What is the tens digit of 559384?
8
What is the ten thousands digit of 576869?
7
What is the tens digit of 14115408?
0
What is the thousands digit of 234215?
4
What is the thousands digit of 21603737?
3
What is the hundreds digit of 23583?
5
What is the ten thousands digit of 114408?
1
What is the millions digit of 1275970?
1
What is the hundreds digit of 150602?
6
What is the tens digit of 1465505?
0
What is the millions digit of 1391489?
1
What is the hundreds digit of 129136?
1
What is the ten thousands digit of 38700?
3
What is the millions digit of 4719707?
4
What is the thousands digit of 6318623?
8
What is the hundreds digit of 236970?
9
What is the units digit of 595803?
3
What is the hundred thousands digit of 2149970?
1
What is the tens digit of 415833?
3
What is the thousands digit of 171541?
1
What is the units digit of 2826656?
6
What is the thousands digit of 177403?
7
What is the units digit of 4952836?
6
What is the thousands digit of 272367?
2
What is the hundreds digit of 21783148?
1
What is the units digit of 234986?
6
What is the hundred thousands digit of 437112?
4
What is the ten thousands digit of 2962452?
6
What 